27, 727
What are the prime factors of 17576490?
2, 3, 5, 585883
List the prime factors of 1629557299.
29, 181, 283, 1097
List the prime factors of 978502887.
3, 108722543
What are the prime factors of 116806391?
13, 2239, 4013
What are the prime factors of 250361506?
2, 53, 653, 3617
List the prime factors of 39043278.
2, 3, 2169071
List the prime factors of 38421293.
23, 1670491
List the prime factors of 1037386451.
5099, 203449
List the prime factors of 577386920.
2, 5, 11, 149, 8807
What are the prime factors of 53553214?
2, 11, 13, 53, 3533
List the prime factors of 3858410381.
7, 31, 2540099
What are the prime factors of 1008595009?
743, 1357463
What are the prime factors of 1637215350?
2, 3, 5, 67, 162907
What are the prime factors of 46848939?
3, 15616313
List the prime factors of 519651.
3, 11, 29, 181
List the prime factors of 139841445.
3, 5, 2689, 3467
List the prime factors of 767841496.
2, 5683, 16889
List the prime factors of 1309457643.
3, 13, 23, 103, 14173
What are the prime factors of 2970457350?
2, 3, 5, 7, 2829007
What are the prime factors of 593450554?
2, 23, 12901099
What are the prime factors of 28157281?
1721, 16361
List the prime factors of 4126295714.
2, 2063147857
What are the prime factors of 1223700197?
149, 211, 38923
What are the prime factors of 658468110?
2, 3, 5, 21948937
What are the prime factors of 121115006?
2, 19, 353, 9029
What are the prime factors of 129973466?
2, 7, 17, 101, 5407
List the prime factors of 192002325.
3, 5, 2560031
List the prime factors of 8279304.
2, 3, 11, 2851
List the prime factors of 1391726073.
3, 463908691
List the prime factors of 54387935.
5, 7, 41, 151, 251
What are the prime factors of 669208112?
2, 41825507
List the prime factors of 2748149113.
19, 151, 957877
List the prime factors of 122245927.
31, 127207
List the prime factors of 540039634.
2, 270019817
What are the prime factors of 125589432?
2, 3, 31, 168803
List the prime factors of 310429749.
3, 7, 301681
List the prime factors of 224496891.
3, 24944099
What are the prime factors of 168484097?
168484097
What are the prime factors of 114452553?
3, 1783, 21397
What are the prime factors of 1540550742?
2, 3, 19, 1933, 6991
What are the prime factors of 173978211?
3, 11, 41, 149, 863
List the prime factors of 214666038.
2, 3, 17, 23, 3389
What are the prime factors of 124886864?
2, 7805429
List the prime factors of 69170058.
2, 3, 43, 29789
What are the prime factors of 1510260811?
29, 53, 982603
List the prime factors of 344634863.
17, 19, 1066981
List the prime factors of 45015274.
2, 22507637
What are the prime factors of 201355538?
2, 6827, 14747
List the prime factors of 131736594.
2, 3, 11, 23, 86783
What are the prime factors of 442011181?
127, 3480403
What are the prime factors of 587805333?
3, 61, 641, 5011
What are the prime factors of 1593700010?
2, 5, 7, 3252449
List the prime factors of 2643581.
2643581
List the prime factors of 803876035.
5, 19, 31, 89, 3067
What are the prime factors of 23615502?
2, 3, 3935917
What are the prime factors of 2364919145?
5, 472983829
What are the prime factors of 82608045?
3, 5, 13, 32587
What are the prime factors of 512095137?
3, 29, 67, 87853
What are the prime factors of 3020267433?
3, 1006755811
What are the prime factors of 961826784?
2, 3, 10019029
What are the prime factors of 375592993?
31, 12115903
List the prime factors of 79829237.
79829237
List the prime factors of 530603945.
5, 71, 1494659
List the prime factors of 3984315452.
2, 13, 29, 881, 2999
What are the prime factors of 1488768134?
2, 7, 106340581
List the prime factors of 711826759.
7, 71, 491, 2917
What are the prime factors of 616537061?
7, 19, 662231
What are the prime factors of 4039081644?
2, 3, 13, 25891549
What are the prime factors of 92343377?
7, 13191911
What are the prime factors of 38653481?
38653481
What are the prime factors of 46492618?
2, 23246309
List the prime factors of 8033032.
2, 7, 67, 2141
List the prime factors of 113437108.
2, 28359277
List the prime factors of 597404868.
2, 3, 3359, 14821
List the prime factors of 4623329883.
3, 223, 6910807
What are the prime factors of 5273126451?
3, 585902939
List the prime factors of 7869425412.
2, 3, 1187, 552473
List the prime factors of 453291129.
3, 3407, 14783
List the prime factors of 68850015.
3, 5, 13, 19, 18583
List the prime factors of 47873151.
3, 53, 100363
What are the prime factors of 1121643899?
109, 10290311
What are the prime factors of 1240392552?
2, 3, 7, 7383289
List the prime factors of 57486601.
57486601
List the prime factors of 549382578.
2, 3, 4969, 18427
List the prime factors of 24109487.
24109487
What are the prime factors of 70095214?
2, 7, 23, 217687
List the prime factors of 15788290.
2, 5, 7, 4603
List the prime factors of 16742635.
5, 7, 13, 31, 1187
What are the prime factors of 31236275?
5, 7, 43, 593
What are the prime factors of 39628885?
5, 23, 344599
What are the prime factors of 20157339?
3, 6719113
List the prime factors of 4064341132.
2, 23, 3163, 13967
List the prime factors of 17632600.
2, 5, 131, 673
What are the prime factors of 8885190583?
8885190583
List the prime factors of 92150811.
3, 23, 179, 829
What are the prime factors of 1739925038?
2, 19, 45787501
List the prime factors of 18757000.
2, 5, 18757
What are the prime factors of 121664703?
3, 40554901
What are the prime factors of 43860780?
2, 3, 5, 243671
What are the prime factors of 4543528342?
2, 2271764171
What are the prime factors of 22463881?
11, 2042171
List the prime factors of 75125027.
75125027
List the prime factors of 1004483876.
2, 11, 23, 223, 4451
What are the prime factors of 44287951?
3643, 12157
List the prime factors of 2430044717.
3853, 630689
List the prime factors of 584164932.
2, 3, 13, 3744647
What are the prime factors of 642924147?
3, 19, 11279371
What are the prime factors of 4186655098?
2, 8461, 247409
What are the prime factors of 4429199484?
2, 3, 227, 349, 1553
List the prime factors of 4432282206.
2, 3, 11, 23, 191, 15287
What are the prime factors of 3290961?
3, 59, 18593
List the prime factors of 2148211951.
2148211951
What are the prime factors of 740557326?
2, 3, 31, 3981491
List the prime factors of 38364843.
3, 11, 1162571
What are the prime factors of 101892291?
3, 2683, 12659
What are the prime factors of 95230817?
11, 97, 149, 599
What are the prime factors of 1969630781?
43, 257, 178231
List the prime factors of 78549940.
2, 5, 7, 80153
What are the prime factors of 450946769?
7, 13, 73, 67883
What are the prime factors of 355808134?
2, 11, 29, 557693
What are the prime factors of 3702561638?
2, 59, 67, 468323
List the prime factors of 312018141.
3, 104006047
What are the prime factors of 411907457?
13, 139, 227951
What are the prime factors of 17075781?
3, 251, 7559
List the prime factors of 978273851.
31, 199, 347, 457
List the prime factors of 59265406.
2, 1861, 15923
What are the prime factors of 398316584?
2, 173, 287801
List the prime factors of 1342882425.
3, 5, 839, 21341
What are the prime factors of 1450593253?
29, 50020457
What are the prime factors of 299063553?
3, 19, 41, 73, 1753
What are the prime factors of 1687058451?
3, 13, 1787, 8069
What are the prime factors of 54643748?
2, 3023, 4519
What are the prime factors of 308716017?
3, 102905339
List the prime factors of 117287443.
7, 13, 1288873
List the prime factors of 4584428531.
43, 3371, 31627
List the prime factors of 37677302.
2, 13, 1449127
What are the prime factors of 2022112198?
2, 16141, 62639
List the prime factors of 2301705047.
4951, 464897
What are the prime factors of 389653914?
2, 3, 13, 41, 121843
List the prime factors of 18658507.
7, 2665501
What are the prime factors of 493370274?
2, 3, 1831, 44909
List the prime factors of 136072582.
2, 29, 131, 17909
List the prime factors of 162086616.
2, 3, 750401
List the prime factors of 314157651.
3, 104719217
What are the prime factors of 3266260629?
3, 47, 4813
List the prime factors of 2931667839.
3, 325740871
What are the prime factors of 4558835435?
5, 7, 11, 2729, 4339
List the prime factors of 1009265639.
17, 47, 71, 17791
List the prime factors of 41249430.
2, 3, 5, 458327
What are the prime factors of 52108886?
2, 751, 34693
List the prime factors of 91438